= -5*c**2 + 109063*c + 218132. What is y(-2)?
-14
Let t(i) = -189*i**2 + 1132*i - 5. Calculate t(6).
-17
Let y(o) = 113206*o + 18226170. What is y(-161)?
4
Let l(q) = 383*q + 181918. Give l(-475).
-7
Let p(x) = x**3 + 339*x**2 - 3137*x - 1793. Calculate p(-348).
-53
Let d(p) = -993*p - 24265. Give d(-24).
-433
Let b(v) = -v**3 + 296*v**2 + 29158*v + 5255. What is b(374)?
19
Let h(b) = -b**2 - 189*b + 3480. Give h(17).
-22
Let i(z) = 482*z - 22658. What is i(47)?
-4
Let s(y) = y**3 - 11*y**2 - 14*y - 154. What is s(13)?
2
Let v(j) = 793*j - 35545. What is v(42)?
-2239
Let r(z) = 14*z**2 - 33*z - 138. Give r(12).
1482
Let j(v) = -116*v**2 - 1329*v - 153. Give j(-11).
430
Let l(m) = m**3 - 977*m**2 - 6839*m + 36. What is l(-7)?
-307
Let w(g) = -155*g**3 + 6*g**2 + 6*g - 3. Calculate w(-2).
1249
Let v(c) = 60*c**2 + 4019*c + 3893. Determine v(-66).
-1
Let a(f) = -2*f**3 - 14*f**2 + 135*f + 841. Calculate a(-9).
-50
Let k(a) = -6*a**2 + 2167*a - 57979. What is k(332)?
121
Let q(s) = -s**2 + 569*s - 59295. Determine q(137).
-111
Let g(b) = -170*b**2 + 4631*b - 1109. What is g(27)?
-2
Let v(s) = 1126*s - 779. Give v(1).
347
Let v(r) = 6*r**2 - 900*r + 9128. Calculate v(139).
-46
Let z(y) = 2*y**3 + 187*y**2 - 105*y - 2011. What is z(-94)?
-977
Let t(x) = -23*x**2 - 407*x + 971. Give t(-20).
-89
Let f(c) = -c**3 - 42*c**2 - 298*c - 1500. Give f(-34).
-616
Let u(g) = 533*g**3 + 3*g**2 - g - 2. Give u(1).
533
Let a(p) = p**3 + 121*p**2 - 587*p - 71021. Give a(-121).
6
Let j(g) = 3301*g + 52806. Calculate j(-16).
-10
Let g(l) = -1177*l - 3563. Calculate g(-5).
2322
Let r(f) = 3*f**2 - 43*f + 4. Determine r(-1).
50
Let w(c) = 4*c**3 + 9*c**2 + 33*c + 46. What is w(-4)?
-198
Let a(f) = -f**3 + 49*f**2 + 4*f - 2131. Calculate a(49).
-1935
Let h(m) = m**3 + 430*m**2 + 276*m + 118680. Determine h(-430).
0
Let a(g) = 73976*g - 8137344. Determine a(110).
16
Let m(b) = -1757*b - 54559. Calculate m(-31).
-92
Let a(c) = -31*c**2 - 171*c - 511. Determine a(-3).
-277
Let r(j) = -2*j**2 + 12*j + 5853. Determine r(-51).
39
Let z(k) = 2*k**3 - 54*k**2 + 1136*k - 28170. Give z(26).
14
Let g(b) = -5*b**3 + 21*b**2 - 198*b + 783. Give g(4).
7
Let c(w) = -152198*w - 913202. Calculate c(-6).
-14
Let w(u) = 4*u**3 - 233*u**2 - 191*u + 48. Determine w(59).
-778
Let t(w) = -61048*w + 427443. Give t(7).
107
Let f(r) = r**2 + 400*r - 427838. Calculate f(484).
18
Let q(d) = 6*d**3 + 44*d**2 - 4*d - 50. Determine q(-1).
-8
Let p(c) = 15196*c + 273566. Give p(-18).
38
Let a(j) = 23*j - 436. Calculate a(9).
-229
Let w(o) = -3*o**2 + 263*o + 80093. What is w(213)?
5
Let z(w) = -36*w**2 - 1325*w + 287. Calculate z(-37).
28
Let j(z) = 1719*z + 75554. Calculate j(-44).
-82
Let x(t) = 22*t**2 + 3474*t - 96470. Give x(-182).
-10
Let q(u) = 1224*u + 112192. Give q(-93).
-1640
Let w(k) = 17*k**2 - 14*k - 8. Calculate w(12).
2272
Let k(l) = -1937*l - 21291. Calculate k(-11).
16
Let r(w) = -7920*w - 4553954. Determine r(-575).
46
Let u(i) = -3*i**3 + 78*i**2 - 99*i - 25. Give u(24).
1055
Let d(i) = -3*i**3 + 7*i**2 - 299*i - 945. Determine d(-3).
96
Let t(n) = -523*n - 81211. Determine t(-157).
900
Let i(f) = -63072*f + 567732. What is i(9)?
84
Let y(t) = t**2 - 841*t + 50481. Determine y(65).
41
Let d(t) = -3*t**3 + 370*t**2 - 979*t + 490. Calculate d(2).
-12
Let f(p) = -3789*p + 212223. What is f(56)?
39
Let x(a) = -34*a**3 - 3438*a**2 - 356*a + 4824. Give x(-101).
-24
Let p(f) = -16175*f - 18860043. Calculate p(-1166).
7
Let t(l) = 1895*l + 703072. What is t(-371)?
27
Let b(q) = 5*q**3 + 3*q**2 + 441*q + 187. Give b(0).
187
Let o(u) = -u**3 - 27*u - 776. Determine o(0).
-776
Let l(q) = 3180*q + 19302. Determine l(-6).
222
Let u(t) = 6*t**2 + 155*t + 1214. Give u(-22).
708
Let x(j) = 9140*j + 420395. What is x(-46)?
-45
Let c(v) = -v**3 - 347*v**2 - 952*v + 27515. Give c(-344).
-5
Let c(u) = u**2 + 79*u + 950. Determine c(-77).
796
Let d(a) = -9487*a - 284640. What is d(-30)?
-30
Let r(j) = j**3 + 21*j**2 - 120*j - 2063. Calculate r(-14).
989
Let v(g) = -g**3 + 79*g**2 - 386*g + 17361. What is v(77)?
-503
Let a(b) = -33*b**2 + 83*b + 19. Calculate a(0).
19
Let l(r) = -r**2 - 1928*r + 1124130. Give l(469).
-63
Let i(o) = 42*o - 1966. What is i(58)?
470
Let r(w) = -48*w**2 - 725*w - 101. What is r(-15)?
-26
Let l(f) = 10771*f - 872458. Give l(81).
-7
Let p(j) = -395*j**2 - 19351*j + 202. Determine p(-49).
6
Let f(u) = 2*u**3 - 17*u**2 - 3473*u + 37603. What is f(11)?
5
Let w(n) = n**2 + 5960*n + 183815. Give w(-31).
16
Let y(g) = 497*g**2 - 2954*g + 2952. What is y(1)?
495
Let a(k) = 282*k + 902. Give a(-4).
-226
Let y(x) = -341*x**3 + 24551*x**2 + 80*x - 574. Give y(72).
2
Let y(g) = -8*g**3 + 443*g**2 + 715*g + 1463. What is y(57)?
-19
Let j(r) = 3*r**2 - 220*r + 1851. Give j(9).
114
Let k(o) = 9*o**2 - 3647*o + 28604. Determine k(8).
4
Let k(r) = r**2 - 1099*r + 26801. Determine k(25).
-49
Let q(p) = -9302*p - 74450. Calculate q(-8).
-34
Let p(y) = 2*y**3 - 258*y**2 + 6716*y + 564. Give p(93).
2424
Let w(u) = -2*u**3 - 81*u**2 + 437*u + 1455. Determine w(-45).
15
Let j(s) = s**3 - 56*s**2 - 202*s - 209. What is j(59)?
-1684
Let s(z) = -z**3 + 8*z**2 - 198*z + 2806. What is s(11)?
265
Let x(d) = -3382*d + 57474. Determine x(17).
-20
Let x(r) = r**2 + 6461*r - 123460. Determine x(19).
-340
Let s(h) = -954771*h - 22914510. Give s(-24).
-6
Let c(w) = 105*w**2 - 276187*w + 97314. Determine c(2630).
4
Let y(p) = p**3 + 9*p**2 - 388*p - 3777. Give y(-10).
3
Let z(w) = -16*w**3 - 99*w**2 + 54*w + 311. What is z(-6)?
-121
Let b(p) = -1082172*p - 4. Calculate b(0).
-4
Let m(o) = -1299*o + 1615955. Give m(1244).
-1
Let a(x) = 97*x**3 + 5*x**2 - 537*x + 532. Calculate a(1).
97
Let r(t) = 2521*t - 68090. Calculate r(27).
-23
Let a(r) = -20*r**2 - 42*r + 682. Calculate a(-11).
-1276
Let y(x) = -167*x**2 + 14369*x - 515. What is y(86)?
87
Let f(q) = 12710*q**2 + 305037*q - 65. Give f(-24).
7
Let y(k) = -543843*k - 9789161. Determine y(-18).
13
Let h(x) = x**2 + 364*x + 32980. Determine h(-174).
-80
Let q(t) = -3*t**2 + 268*t - 2804. Determine q(74).
600
Let d(t) = -4*t**3 + 585*t**2 + 7427*t - 151. Determine d(158).
7
Let f(o) = -o**3 - 7*o**2 - 102*o - 2613. Give f(-20).
4627
Let m(y) = -10*y**3 + 31*y**2 + 186*y - 41. Give m(6).
31
Let s(y) = -2*y**3 - 26*y**2 - 362*y - 4850. What is s(-13)?
-144
Let x(y) = -y**3 + 73*y**2 + 150*y - 20758. Determine x(71).
-26
Let u(n) = -100057*n - 100277. Determine u(-1).
-220
Let a(c) = 25*c**2 - 40*c - 30. What is a(5)?
395
Let k(x) = 2*x**2 + 1595*x + 17300. Give k(-11).
-3
Let c(r) = 142*r + 1106. Give c(-13).
-740
Let r(w) = -1664*w + 179644. Calculate r(108).
-68
Let c(r) = 3*r**2 - 1194*r + 39037. Give c(36).
-59
Let k(p) = 33*p**2 - 7834*p + 10803. Give k(236).
-53
Let n(i) = 106*i**2 + 149*i - 49. What is n(-4)?
1051
Let f(k) = -k**3 - 21*k**2 + 67*k + 1157. What is f(-20)?
-583
Let h(z) = 6*z**2 - 634*z + 1895. Calculate h(3).
47
Let k(v) = -v**2 - 1458*v + 26641. Give k(18).
73
Let b(g) = -g**3 - 403*g**2 + 221*g + 250442. Give b(-402).
-4
Let a(r) = -10*r**3 + 37*r**2 + 3*r - 46. Determine a(7).
-1642
Let w(f) = 329027*f - 7238590. What is w(22)?
4
Let j(o) = 5*o**3 + 927*o**2 + 12314*o + 335. Calculate j(-171).
-7
Let g(d) = 6914*d**2 - 843506*d - 239. What is g(122)?
5
Let d(t) = 28*t**2 + 208*t + 265. Give d(-7).
181
Let h(x) = -25422*x + 635545. Determine h(25).
-5
Let k(p) = 43*p + 10645. What is k(-250)?
-105
Let m(o) = 3239*o**2 + 8982*o + 2. Determine m(-3).
2207
Let l(m) = 189*m + 40853. Give l(-210).
1163
Let p(h) = h**3 - 2*h**2 + 86*h + 3040. What is p(-12)?
-8
Let w(r) = 10*r**2 - 96*r + 119. Give w(5).
-111
Let b(i) = -4*i**3 + 41*i**2 - 5*i + 195. Determine b(10).
245
Let h(s) = 4*s**3 - 80*s**2 - 1560*s - 153. Calculate h(-12).
135
Let n(c) = -c**3 + 1465*c**2 - 7292*c + 41. Give n(5).
81
Let n(g) = -g**3 + 262*g**2 - 2770*g + 1246. Determine n(251).
-1013
Let r(x) = -1086*x - 4229. Give r(-4).
115
Let d(s) = 2*s**3 + 5*s**2 - 358*s - 1399. Determine d(-4).
-15
Let y(v) = 11088*v + 465555. Calculate y(-42).
-141
Let i(c) = 10*c**2 + 1511*c + 47746. What is i(-45)?
1
Let o(c) = 566*c**3 - 4*c**2 + 643*c + 1285. Give o(-2).
-4545
Let d(z) = -25*z**2 - 167*z - 701. What is d(-4)?
-433
Let a(t) = 200*t**2 + 14607*t + 68459. Determine a(-6